d + -9?
674
In base 5, what is 13 - 10?
3
In base 11, what is 60 - 0?
60
In base 3, what is 122 + -21?
101
In base 11, what is -a4 + -5?
-a9
In base 4, what is -20 - 2?
-22
In base 8, what is -4 - 152?
-156
In base 14, what is 13a1 + -2?
139d
In base 15, what is -2c + -4?
-31
In base 5, what is -10 + -4024?
-4034
In base 12, what is -3 - -381?
37a
In base 10, what is -127 + -22?
-149
In base 4, what is -2 + -202?
-210
In base 15, what is -22b + -a?
-236
In base 6, what is -211 - 2?
-213
In base 11, what is 14108 + -2?
14106
In base 7, what is 11 - 145?
-134
In base 2, what is -10110 - 111?
-11101
In base 7, what is -46 + 1?
-45
In base 14, what is 464 + 0?
464
In base 9, what is -1106 + 5?
-1101
In base 12, what is b + 203?
212
In base 9, what is 1 - -86?
87
In base 15, what is 20 - -3a?
5a
In base 15, what is -b - -9?
-2
In base 15, what is 25 + 68?
8d
In base 3, what is 2201022 - -10?
2201102
In base 6, what is -55102 + 5?
-55053
In base 11, what is 173 + -2?
171
In base 9, what is 3 + 333?
336
In base 13, what is 4 - a8b?
-a87
In base 13, what is -4 - -6b?
67
In base 6, what is -4 - -1415?
1411
In base 16, what is 3 + 74?
77
In base 14, what is -84 - 7?
-8b
In base 7, what is 2416 - 2?
2414
In base 7, what is 4 - -3252?
3256
In base 11, what is -8 + -348?
-355
In base 15, what is 4 + -1c6?
-1c2
In base 4, what is 121113 + -10?
121103
In base 9, what is -2 + -674?
-676
In base 8, what is 4 + 123?
127
In base 10, what is 150 - -3?
153
In base 5, what is 14044 + -4?
14040
In base 16, what is 3 - 113d?
-113a
In base 13, what is -1 - -194?
193
In base 9, what is 5 + 5143?
5148
In base 11, what is 30 - -25?
55
In base 16, what is -68 + 0?
-68
In base 5, what is 2023 + 21?
2044
In base 15, what is 3 - -1be?
1c2
In base 2, what is 11000011 - 1?
11000010
In base 6, what is 12133 + 0?
12133
In base 3, what is 210002 + -12?
202220
In base 6, what is -45 + -22?
-111
In base 14, what is -3 + ad?
aa
In base 10, what is 1 + 54?
55
In base 15, what is 1 + d3?
d4
In base 6, what is 2104 + 11?
2115
In base 14, what is 5c2 - -5?
5c7
In base 16, what is -e4 + -1d?
-101
In base 13, what is -4 - -739?
735
In base 6, what is -4 - 2100?
-2104
In base 8, what is 3154 - -4?
3160
In base 16, what is 10fc - -5?
1101
In base 11, what is 171 - 16?
156
In base 13, what is 1 - 42?
-41
In base 5, what is -41 + 12?
-24
In base 6, what is 14 + 2?
20
In base 12, what is 439 + 0?
439
In base 5, what is -14101 + 1?
-14100
In base 12, what is 226 - -6?
230
In base 9, what is 0 - 11?
-11
In base 12, what is 27a - -4?
282
In base 2, what is 10001001111 + 1000?
10001010111
In base 15, what is -3 + 124e?
124b
In base 11, what is -6 + -374?
-37a
In base 14, what is 3d + 0?
3d
In base 16, what is 4 - 912?
-90e
In base 12, what is -b428 + 1?
-b427
In base 5, what is 2110 - 3?
2102
In base 5, what is -1122 - -32?
-1040
In base 6, what is -12 + -10?
-22
In base 4, what is -1100 + -2220?
-3320
In base 14, what is 4 + -a?
-6
In base 10, what is 1 - 5222?
-5221
In base 5, what is 33 - 10?
23
In base 5, what is 33 - 301?
-213
In base 7, what is 25 - 40?
-12
In base 14, what is -1 - 2c?
-2d
In base 5, what is -133 + 22?
-111
In base 11, what is a + 40?
4a
In base 16, what is 0 + -148e?
-148e
In base 15, what is -8e1 + 5?
-8db
In base 10, what is 540 - -1?
541
In base 10, what is -7921 - -1?
-7920
In base 4, what is -13130 + -10?
-13200
In base 3, what is -20122 - 12122?
-110021
In base 5, what is 114013 + -3?
114010
In base 12, what is 2 + -120?
-11a
In base 7, what is -60 - 16?
-106
In base 2, what is -110010010 + 1?
-110010001
In base 8, what is 2007 - 1?
2006
In base 6, what is 3 + 1305?
1312
In base 6, what is 52 - 0?
52
In base 10, what is -19 - 137?
-156
In base 9, what is 2472 - 2?
2470
In base 10, what is 2 - 2525?
-2523
In base 12, what is -1 - -324?
323
In base 14, what is -3 - 3d?
-42
In base 12, what is 75 - -22?
97
In base 13, what is -19 - 286?
-2a2
In base 15, what is 5 + -440?
-43a
In base 5, what is 11 - -23?
34
In base 8, what is -4 - -176?
172
In base 9, what is -388 + 0?
-388
In base 6, what is 132 - -14?
150
In base 9, what is -328 - -5?
-323
In base 12, what is 1276 - -2?
1278
In base 12, what is -39 - -5?
-34
In base 5, what is -33 - -11?
-22
In base 16, what is -ad + 0?
-ad
In base 13, what is 4 - -133?
137
In base 14, what is -8 - -7a?
72
In base 4, what is 211 - -11?
222
In base 4, what is 10 + 2?
12
In base 8, what is 51 + -750?
-677
In base 10, what is 1512 - 13?
1499
In base 14, what is -c - -d?
1
In base 7, what is -6 + 165?
156
In base 7, what is 2 - -260?
262
In base 3, what is -1 - -10000120?
10000112
In base 5, what is 3 + -102?
-44
In base 9, what is 1 - 617?
-616
In base 16, what is -2 - -ee?
ec
In base 12, what is -4 - 23b?
-243
In base 3, what is -110220 + -1?
-110221
In base 10, what is 41 - 0?
41
In base 5, what is -30 + 3?
-22
In base 14, what is b + -44?
-37
In base 9, what is -1267 + 1?
-1266
In base 9, what is 10 - -270?
280
In base 4, what is -2 - 1012?
-1020
In base 6, what is -24244 + 12?
-24232
In base 12, what is -5 + 63?
5a
In base 5, what is -11 - 1113?
-1124
In base 10, what is 6 - -226?
232
In base 6, what is 31 + 22?
53
In base 2, what is 100000101 - 100000?
11100101
In base 10, what is 3 + 66?
69
In base 7, what is -25 + 11?
-14
In base 14, what is -8 + 13?
9
In base 6, what is -2 + -24202?
-24204
In base 4, what is -110 + 22?
-22
In base 3, what is -1 + 212112?
212111
In base 5, what is 34 - 2200?
-2111
In base 7, what is 1 - 300?
-266
In base 12, what is 1 - -189?
18a
In base 7, what is 0 - -145?
145
In base 8, what is -14 + -26?
-42
In base 12, what is -1 + 10?
b
In base 9, what is 3 + 164?
167
In base 12, what is -3 + -b1?
-b4
In base 6, what is 324 + 14?
342
In base 10, what is -3 - 340?
-343
In base 12, what is 5 + -25b?
-256
In base 12, what is -2 - 306?
-308
In base 7, what is -6 + -53?
-62
In base 2, what is -111 + -111100?
-1000011
In base 15, what is -da - -4?
-d6
In base 11, what is -137 - 7?
-143
In base 2, what is -10001111011 - 110?
-10010000001
In base 2, what is 10110 - 1011010?
-1000100
In base 2, what is -1011001 + 1010?
-1001111
In base 13, what is -b17 + 1?
-b16
In base 3, what is 12222 - -11?
20010
In base 8, what is 51 - -11?
62
In base 16, what is -1b - -5?
-16
In base 16, what is -10 + 307?
2f7
In base 11, what is 3 - -2?
5
In base 13, what is -5a9c + -4?
-5aa3
In base 13, what is 10 - -b3?
c3
In base 4, what is -3 - -323233?
323230
In base 5, what is -2 - 122123?
-122130
In base 6, what is 1331 + 1?
1332
In base 4, what is 1 - 1120121?
-1120120
In base 15, what is -4 - -82?
7d
In base 10, what is -11348 + 3?
-11345
In base 12, what is -34 - -17?
-19
In base 9, what is 3 + -114?
-111
In base 10, what is 118 + -1?
117
In base 10, what is 201 - 1?
200
In base 16, what is -4 + 177?
173
In base 5, what is -21 - 231?
-302
In base 9, what is 77 - 25?
52
In base 10, what is 29 + -2?
27
In base 9, what is -2 + 106?
104
In base 15, what is 1e + -17?
7
In base 2, what is -10 - 11000000?
-11000010
In base 7, what is -6133 - -3?
-6130
In base 5, what is -14103 + -4?
-14112
In base 3, what is -1 + -112?
-120
In base 14, what is 6 - 1b?
-15
In base 15, what is -1e9e - -4?
-1e9a
In base 10, what is -11 + -215?
-226
In base 4, what is 33 + -2103?
-2010
In base 13, what is -5 - -1219?
1214
In base 3, what is -122 - 1000?
-1122
In base 2, what is -100011001101 + 100?
-100011001001
In base 13, what is -2 - 38?
-3a
In base 13, what is -1 + -1?
-2
In base 6, what is 101 - -11?
112
In base 6, what is 5 + -1041?
-1032
In base 7, what is -1136 + -1?
-1140
In base 4, what is 12111 + -1?
12110
In base 9, what is -1 + 13?
12
In base 6, what is -5 - -102?
53
In base 6, what is 1244 - -44?
1332
In base 14, what is 1 + 25?
26
In base 2, what is 110011101100 - 100?
110011101000
In base 9, what is -42 - 46?
-88
In base 10, what is 5740 + -5?
5735
In base 13, what is -24 - -94?
70
In base 13, what is -a + 9?
-1
In base 15, what is -6 + -6?
-c
In base 5, what is 1104 - 0?
1104
In base 6, what is 1 + -22452?
-22451
In base 7, what is -104 - 1?
-105
In base 2, what is -100 - -1011?
111
In base 9, what is 8 + 55?
64
In base 12, what is 0 - -773?
773
In base 16, what is d - 20?
-13
In base 8, what is -32425 + -2?
-32427
In base 11, what is -2 - -